664575.
5, 11, 6053
List the prime factors of 94754.
2, 11, 59, 73
What are the prime factors of 2631549?
3, 17, 51599
What are the prime factors of 690662?
2, 7, 49333
List the prime factors of 4224919.
37, 89, 1283
List the prime factors of 326331.
3, 101, 359
What are the prime factors of 488833?
488833
List the prime factors of 498828.
2, 3, 11, 3779
List the prime factors of 3461835.
3, 5, 13, 41, 433
What are the prime factors of 181612?
2, 45403
What are the prime factors of 10547388?
2, 3, 61, 1601
What are the prime factors of 93419?
93419
What are the prime factors of 135290?
2, 5, 83, 163
What are the prime factors of 7558?
2, 3779
What are the prime factors of 144854?
2, 23, 47, 67
List the prime factors of 280019.
107, 2617
What are the prime factors of 12121702?
2, 97, 62483
What are the prime factors of 1362190?
2, 5, 179, 761
List the prime factors of 8337000.
2, 3, 5, 7, 397
List the prime factors of 239331.
3, 79777
What are the prime factors of 3018841?
7, 61609
What are the prime factors of 347965?
5, 69593
What are the prime factors of 2754356?
2, 11, 59, 1061
List the prime factors of 12232340.
2, 5, 193, 3169
What are the prime factors of 11480833?
7, 13, 79, 1597
What are the prime factors of 63175?
5, 7, 19
List the prime factors of 230388.
2, 3, 73, 263
List the prime factors of 428746.
2, 214373
List the prime factors of 625294.
2, 17, 53, 347
What are the prime factors of 17094059?
131, 130489
What are the prime factors of 5971409?
5971409
List the prime factors of 188420.
2, 5, 9421
What are the prime factors of 10448323?
29, 360287
What are the prime factors of 2146159?
2146159
What are the prime factors of 2633069?
211, 12479
List the prime factors of 196422.
2, 3, 19, 1723
What are the prime factors of 1186201?
167, 7103
List the prime factors of 242986.
2, 121493
What are the prime factors of 1488567?
3, 127, 3907
What are the prime factors of 484933?
31, 15643
What are the prime factors of 7799054?
2, 3899527
List the prime factors of 1000261.
271, 3691
List the prime factors of 1461835.
5, 292367
List the prime factors of 3094885.
5, 31, 41, 487
List the prime factors of 232072.
2, 29009
What are the prime factors of 133404?
2, 3, 11117
What are the prime factors of 517072?
2, 17, 1901
What are the prime factors of 1185693?
3, 395231
What are the prime factors of 763187?
211, 3617
What are the prime factors of 4328469?
3, 480941
What are the prime factors of 3491357?
37, 127, 743
What are the prime factors of 20887267?
103, 149, 1361
What are the prime factors of 1971358?
2, 985679
List the prime factors of 1325687.
11, 19, 6343
What are the prime factors of 2948376?
2, 3, 122849
What are the prime factors of 670627?
670627
What are the prime factors of 18867833?
271, 69623
List the prime factors of 45792.
2, 3, 53
What are the prime factors of 30365246?
2, 101, 150323
What are the prime factors of 38496?
2, 3, 401
List the prime factors of 23017412.
2, 11, 107, 4889
What are the prime factors of 6433687?
13, 494899
What are the prime factors of 19970763?
3, 29, 229549
What are the prime factors of 39942369?
3, 97, 101, 151
List the prime factors of 40243651.
7, 97, 8467
List the prime factors of 1545685.
5, 309137
What are the prime factors of 13597375?
5, 11, 29, 31
What are the prime factors of 99530?
2, 5, 37, 269
What are the prime factors of 2181827?
19, 114833
What are the prime factors of 229838?
2, 7, 16417
What are the prime factors of 164213?
7, 23459
List the prime factors of 1577182.
2, 197, 4003
List the prime factors of 432445.
5, 13, 6653
List the prime factors of 3483809.
7, 37, 13451
What are the prime factors of 488840?
2, 5, 11, 101
List the prime factors of 289953.
3, 10739
What are the prime factors of 7122154?
2, 13, 273929
What are the prime factors of 247621?
11, 22511
List the prime factors of 1658944.
2, 7, 23
List the prime factors of 241281.
3, 17, 19, 83
What are the prime factors of 214030?
2, 5, 17, 1259
What are the prime factors of 325280?
2, 5, 19, 107
What are the prime factors of 1042129?
11, 211, 449
List the prime factors of 1054787.
733, 1439
What are the prime factors of 1163602?
2, 11, 227, 233
List the prime factors of 7819692.
2, 3, 651641
What are the prime factors of 23431752?
2, 3, 503, 647
List the prime factors of 550649.
11, 113, 443
What are the prime factors of 2121550?
2, 5, 151, 281
List the prime factors of 7877153.
19, 47, 8821
List the prime factors of 853085.
5, 61, 2797
What are the prime factors of 9082820?
2, 5, 454141
What are the prime factors of 28751?
28751
List the prime factors of 949527.
3, 105503
What are the prime factors of 1420365?
3, 5, 23, 179
List the prime factors of 7657294.
2, 479, 7993
List the prime factors of 14699267.
11, 347, 3851
What are the prime factors of 231463?
231463
List the prime factors of 1030624.
2, 7, 43, 107
What are the prime factors of 954437?
11, 86767
What are the prime factors of 26605612?
2, 11, 17, 35569
What are the prime factors of 1478264?
2, 257, 719
What are the prime factors of 20646711?
3, 19, 167, 241
List the prime factors of 146982.
2, 3, 11, 17, 131
List the prime factors of 82733.
7, 53, 223
List the prime factors of 17550035.
5, 17, 23, 47, 191
What are the prime factors of 7121159?
1723, 4133
List the prime factors of 340575.
3, 5, 19, 239
What are the prime factors of 331102?
2, 165551
What are the prime factors of 396252?
2, 3, 1223
What are the prime factors of 774287?
31, 24977
List the prime factors of 980609.
7, 19, 73, 101
What are the prime factors of 168781?
168781
What are the prime factors of 825241?
825241
List the prime factors of 28490852.
2, 13, 547901
What are the prime factors of 2139025?
5, 7, 17, 719
List the prime factors of 136742.
2, 68371
What are the prime factors of 8802130?
2, 5, 19, 46327
List the prime factors of 483212.
2, 107, 1129
List the prime factors of 536649.
3, 41, 4363
What are the prime factors of 591092?
2, 147773
List the prime factors of 647205.
3, 5, 13, 3319
What are the prime factors of 5431012?
2, 1357753
List the prime factors of 1077693.
3, 359231
List the prime factors of 467203.
11, 42473
List the prime factors of 3510117.
3, 13, 19, 1579
What are the prime factors of 851992?
2, 281, 379
List the prime factors of 3108134.
2, 19, 263, 311
What are the prime factors of 27410584?
2, 83, 41281
What are the prime factors of 720217?
53, 107, 127
What are the prime factors of 133893?
3, 19, 29
List the prime factors of 102714.
2, 3, 17, 19, 53
What are the prime factors of 25261?
25261
List the prime factors of 186688.
2, 2917
What are the prime factors of 695383?
13, 149, 359
What are the prime factors of 4127817?
3, 59, 23321
What are the prime factors of 112506?
2, 3, 17, 1103
What are the prime factors of 231140?
2, 5, 7, 13, 127
List the prime factors of 672593.
672593
List the prime factors of 110493.
3, 12277
List the prime factors of 56462.
2, 7, 37, 109
List the prime factors of 489005.
5, 11, 17, 523
List the prime factors of 291148.
2, 11, 13, 509
List the prime factors of 167306.
2, 83653
What are the prime factors of 6326184?
2, 3, 263591
What are the prime factors of 136677?
3, 29, 1571
List the prime factors of 126912.
2, 3, 661
What are the prime factors of 364924?
2, 7, 13033
List the prime factors of 215238.
2, 3, 29, 1237
List the prime factors of 428097.
3, 142699
List the prime factors of 4834571.
7, 73, 9461
What are the prime factors of 12899557?
11, 1172687
What are the prime factors of 13059089?
2791, 4679
What are the prime factors of 337360?
2, 5, 4217
List the prime factors of 470749.
470749
List the prime factors of 1784465.
5, 356893
What are the prime factors of 274246?
2, 7, 19, 1031
List the prime factors of 1798353.
3, 211, 947
What are the prime factors of 336963?
3, 11, 10211
What are the prime factors of 2092200?
2, 3, 5, 11, 317
List the prime factors of 164689.
7, 3361
List the prime factors of 387592.
2, 48449
What are the prime factors of 140259?
3, 7, 6679
List the prime factors of 1166222.
2, 389, 1499
What are the prime factors of 13119091?
607, 21613
List the prime factors of 1123523.
41, 67, 409
List the prime factors of 345130.
2, 5, 34513
What are the prime factors of 4767516?
2, 3, 13, 61, 167
Wha